q**3 - 59*q**2 - 2*q + 119. Determine l(8).
-89
Let n(w) = 16*w**3 - 3679*w**2 - 243*w + 1151. What is n(230)?
-1839
Let y(r) = -35*r**2 + 2463*r + 1540. What is y(71)?
-22
Let m(w) = 772*w - 12069. Give m(16).
283
Let n(m) = 2*m**2 + 2614*m - 305639. Determine n(108).
1
Let s(k) = -3783*k - 83272. Calculate s(-22).
-46
Let a(o) = o**2 + 111*o + 2235. Determine a(-59).
-833
Let z(j) = -j**2 - 267*j + 21471. Calculate z(59).
2237
Let k(h) = -43*h**2 + 2*h + 25. Give k(3).
-356
Let v(r) = -r**3 - 386*r**2 - 35484*r + 232. Determine v(-151).
81
Let r(g) = 13530*g - 1285229. What is r(95)?
121
Let l(z) = -5*z**3 - 225*z**2 + 50*z + 2191. What is l(-45)?
-59
Let w(b) = -b**2 - 8379*b - 267132. Calculate w(-32).
-28
Let y(f) = 9*f**3 - 86*f**2 - 53*f + 140. What is y(10)?
10
Let r(s) = -s**3 - 461*s**2 + 3355*s + 36932. Give r(-468).
-40
Let q(m) = -5*m**3 + 1407*m**2 - 573*m + 3601. Determine q(281).
510
Let q(r) = 154*r**2 - 4473*r + 201. Calculate q(29).
-2
Let f(l) = -l**3 + 114*l**2 - 249*l + 2897. Calculate f(112).
97
Let c(m) = -m**3 + 58*m**2 + 117*m + 467. Calculate c(60).
287
Let a(f) = -f**3 + 159*f**2 - 2056*f + 3771. Calculate a(145).
1
Let i(l) = -134*l**2 - 156*l - 5. Calculate i(-4).
-1525
Let w(p) = 2*p**2 + 216*p + 3065. Give w(-12).
761
Let k(j) = -1239*j + 1029684. Calculate k(831).
75
Let x(y) = -9*y**2 - 448*y - 6630. What is x(-15)?
-1935
Let s(f) = 2*f**3 - 15*f**2 + 4*f - 211. Determine s(8).
-115
Let g(n) = 2*n**2 + 1217*n + 72083. Calculate g(-542).
-3
Let s(i) = -i**3 + 348*i**2 - 14364*i - 1727. What is s(48)?
1
Let m(l) = -l**3 + 380*l**2 + 4697*l + 2742. Calculate m(392).
-2
Let u(b) = 21*b**2 + 98*b + 413. What is u(-6)?
581
Let h(t) = t**3 + 71*t**2 - 50*t + 3682. What is h(-72)?
2098
Let a(h) = 28733*h + 2126241. Determine a(-74).
-1
Let w(j) = -j**3 + 94*j**2 + 207*j + 546. Determine w(96).
1986
Let i(k) = 30261*k + 120921. Give i(-4).
-123
Let g(c) = 5*c**2 + 504*c + 1999. Give g(-93).
-1628
Let h(b) = 829095*b - 5803663. Calculate h(7).
2
Let v(a) = -a**3 - 189*a**2 + 326*a - 10704. Determine v(-191).
-8
Let c(z) = 33*z**3 + z**2 - 3591*z + 6. Give c(0).
6
Let o(f) = -18*f - 2793. What is o(-65)?
-1623
Let n(s) = s**3 + 41*s**2 + 469*s + 19207. Determine n(-41).
-22
Let c(n) = -24*n**3 + 215*n**2 - 41*n + 456. Calculate c(9).
6
Let c(s) = s**3 - 45*s**2 - 154*s - 1105. Determine c(48).
-1585
Let j(d) = d**3 - 15*d**2 - 765*d + 12386. What is j(17)?
-41
Let y(n) = 337*n + 31440. Calculate y(-94).
-238
Let p(d) = 337565*d - 1012701. Give p(3).
-6
Let v(r) = 2*r**3 - 14*r**2 - 87*r + 527. Give v(8).
-41
Let o(p) = 808*p**2 + 43627*p - 252. Calculate o(-54).
18
Let f(r) = -2*r**3 + 169*r**2 + 1265*r - 59. Determine f(-7).
53
Let k(q) = 9118*q + 4. Give k(0).
4
Let b(x) = -1490*x + 3416. What is b(0)?
3416
Let b(l) = -47*l**2 + 739*l + 2231. Determine b(-3).
-409
Let f(g) = 936*g**3 - 15*g**2 - 9*g - 6. Give f(-1).
-948
Let b(p) = 3*p**2 + 3680*p + 25619. Give b(-7).
6
Let c(n) = 335*n**2 - 4397*n - 12. Determine c(13).
-558
Let w(l) = -l**3 - 77*l**2 - 127*l + 1922. Calculate w(-75).
197
Let w(d) = -2587*d + 43259. Determine w(17).
-720
Let o(i) = -1877369*i - 1877364. Calculate o(-1).
5
Let k(r) = 12*r**2 + 3848*r - 1281. Determine k(-321).
3
Let g(s) = -2*s**3 + 455*s**2 + 4018*s - 1427. Give g(236).
-11
Let t(o) = o**3 + 265*o**2 + 9177*o - 1587. What is t(-224)?
-19
Let h(v) = -7*v**2 + 216*v + 8272. What is h(53)?
57
Let w(b) = -b**2 + 6888*b - 103082. Give w(15).
13
Let a(u) = 2*u**3 + 324*u**2 - 6092*u + 95. What is a(17)?
-7
Let x(r) = 2*r**3 + 7*r**2 + 94*r + 805. Determine x(-7).
-196
Let j(k) = -k**2 + 4958*k - 2711843. Calculate j(626).
-11
Let k(o) = 5*o**3 + 45*o**2 + 22*o + 4. Determine k(-5).
394
Let w(i) = 156*i**2 + 212*i - 5. What is w(-2)?
195
Let u(o) = -o**3 - 91*o**2 + 68*o - 1378. What is u(-92)?
830
Let l(a) = -233*a + 1810. Determine l(8).
-54
Let u(s) = -16*s**2 + 317*s - 30. Calculate u(20).
-90
Let y(n) = -n**3 - 63*n**2 - 26*n + 12375. Give y(-59).
-15
Let l(q) = 120590*q - 23515059. What is l(195)?
-9
Let g(b) = b**3 - 163*b**2 + 796*b - 2280. Give g(158).
-1332
Let f(c) = 23*c**3 - 965*c**2 - 656*c + 25796. Determine f(42).
8
Let q(w) = 11091*w + 110640. Determine q(-10).
-270
Let c(u) = -22*u**3 - 705*u**2 + 592*u + 19934. Determine c(-32).
-34
Let g(p) = 111*p**2 - 11388*p - 11390. Calculate g(-1).
109
Let j(c) = 20370*c + 81170. Determine j(-4).
-310
Let b(r) = -r**2 + 1436*r - 49040. Determine b(35).
-5
Let x(q) = 3*q**3 + 8*q**2 + 1364*q - 9126. Determine x(6).
-6
Let h(z) = 2*z**3 + 1079*z**2 - 1626*z - 1608. What is h(-541)?
15
Let s(z) = -z**3 + 20*z**2 - 533*z + 5768. Give s(13).
22
Let u(a) = -a**3 - 249*a**2 + 412*a - 86660. Give u(-252).
28
Let z(l) = -3*l**2 - 1193*l + 7254. Determine z(6).
-12
Let h(l) = 2*l**2 - 151*l - 1433. Calculate h(0).
-1433
Let p(z) = -z**3 - 48*z**2 + 577*z + 89. Calculate p(10).
59
Let t(l) = -5591*l - 146462. Determine t(-26).
-1096
Let f(s) = 87*s**3 - 4*s**2 - 75*s - 147. Determine f(-2).
-709
Let x(h) = 14*h**3 - 2503*h**2 - 562*h + 4492. Give x(179).
17
Let g(d) = 11*d**2 - 65*d - 367. What is g(-7)?
627
Let j(v) = -v**2 + 69473*v + 208424. Determine j(-3).
-4
Let j(q) = 31*q**2 + 461*q + 1626. Calculate j(-6).
-24
Let b(s) = 36018*s + 36023. Determine b(-1).
5
Let d(b) = -6*b**3 + 51*b**2 + 340*b + 131. Give d(13).
-12
Let m(p) = -2*p**2 - 213*p - 1885. Determine m(-100).
-585
Let c(r) = -40*r**2 - 687*r + 4632. What is c(7)?
-2137
Let c(l) = 410*l - 175904. Give c(429).
-14
Let r(f) = -4936*f - 251745. What is r(-51)?
-9
Let l(s) = -333*s - 129542. Calculate l(-389).
-5
Let n(w) = 2*w**2 + 5929*w - 375261. Calculate n(62).
25
Let z(g) = 2*g**3 + 37*g**2 + 6*g - 59. What is z(-18)?
157
Let c(x) = -x**3 - 103*x**2 - 624*x - 4121. Give c(-97).
-47
Let l(x) = -x**3 - 9*x**2 - 21*x + 5734. Give l(15).
19
Let c(i) = -4*i**2 + 5636*i - 975231. Calculate c(1207).
25
Let u(b) = -7516*b + 616350. Determine u(82).
38
Let o(b) = b**3 + 14*b**2 + 66*b + 290. What is o(-11)?
-73
Let q(d) = -d**3 - 8*d**2 - 23*d - 701. Calculate q(-13).
443
Let f(y) = 274*y**2 - 2547*y - 11. Calculate f(9).
-740
Let i(t) = t**2 - 285*t + 50. Determine i(289).
1206
Let d(w) = 3*w**2 - 8173*w + 121. Determine d(0).
121
Let n(r) = -2*r**3 - 495*r**2 - 213*r + 7434. What is n(-247)?
-964
Let u(k) = -k**2 + 659*k - 59949. What is u(550)?
1
Let f(s) = 7*s**2 - 44674*s + 44675. Calculate f(1).
8
Let v(t) = t**2 + 299*t + 21491. Give v(-120).
11
Let y(q) = -10*q**2 - 70*q - 51. Determine y(-14).
-1031
Let c(l) = 1154*l**2 + 2404*l - 1. What is c(-2)?
-193
Let a(h) = 86*h**2 - 257*h + 111. Calculate a(2).
-59
Let b(x) = 13*x**2 + 143*x + 217. Calculate b(-11).
217
Let c(i) = 501*i + 168857. Determine c(-337).
20
Let y(n) = -211*n**3 - 852*n**2 - 9*n + 95. What is y(-4)?
3
Let p(o) = -6*o**3 + 111*o**2 + 248*o - 3629. What is p(19)?
0
Let c(a) = -2*a**2 + 5828*a - 144494. Give c(25).
-44
Let o(y) = -y**2 + 751*y - 93694. Determine o(158).
0
Let l(r) = -12637*r - 1162586. Determine l(-92).
18
Let s(p) = 2*p**3 - 27267*p**2 + 299697*p - 12. Determine s(11).
10
Let w(u) = -104*u - 1667. Calculate w(-9).
-731
Let f(w) = 139*w**2 - 403*w - 403. Determine f(-1).
139
Let u(b) = -189*b - 1487. What is u(-7)?
-164
Let r(p) = p**3 + 223*p**2 + 4135*p + 4910. Give r(-19).
-11
Let a(b) = 7*b**3 + 104*b**2 - 1035*b - 15459. Calculate a(-15).
-159
Let l(a) = 3*a**2 + 4490*a - 26849. Give l(6).
199
Let l(h) = 17*h**3 - 166*h**2 - 521*h - 1. What is l(-3)?
-391
Let i(b) = 53*b**2 + 241*b - 1482. Give i(6).
1872
Let g(o) = 46*o**2 - 23*o + 49. What is g(-6)?
1843
Let z(q) = -30*q**2 - 21*q + 261. Calculate z(3).
-72
Let v(q) = -q**3 - 29*q**2 - 34*q - 51. Determine v(-29).
935
Let k(m) = m**2 - 15243*m - 305357. Determine k(-20).
-97
Let x(z) = z**3 - 21*z**2 + 75*z - 259. What is x(19)?
444
Let w(n) = -4653*n + 279130. Give w(60).
-50
Let f(n) = n**2 + 467*n + 5022. What is f(-12)?
-438
Let x(v) = v**2 + 3179*v + 337637. Determine x(-110).
47
Let b(s) = -5869*s + 422580. Give b(72).
12
Let o(k) = 2*k**3 - 15*k**2 + 7857*k - 70979. What is o(9)?
-23
Let x(r) = -r**2 + 25953*r - 622218. Calculate x(24).
78
Let i(c) = 287*c**2 + 9*c + 16. Give i(-1).
294
Let a(n) = -27*n**2 + 925*n + 6165. Giv